{"id":69,"date":"2023-06-14T05:54:11","date_gmt":"2023-06-14T05:54:11","guid":{"rendered":"https:\/\/igmilitaermodell-ap97k2fw1a.live-website.com\/?page_id=69"},"modified":"2025-11-11T18:25:45","modified_gmt":"2025-11-11T18:25:45","slug":"impressum","status":"publish","type":"page","link":"https:\/\/igmilitaermodell-ap97k2fw1a.live-website.com\/?page_id=69","title":{"rendered":"Impressum"},"content":{"rendered":"\n<p>Robert Hahn<br>Nollenstra\u00dfe 55<br>77723 Gengenbach<\/p>\n\n\n\n<p><br>E-Mail: <a href=\"mailto:Robert@igmilitaermodelltechnik.de\">Robert@igmilitaermodelltechnik.de<\/a><\/p>\n\n\n\n<p>und<\/p>\n\n\n\n<p>Olaf Lang<\/p>\n\n\n\n<p>Martin-St\u00f6hr-Stra\u00dfe 1<\/p>\n\n\n\n<p>69493 Hirschberg<\/p>\n\n\n\n<p>E-Mail: <a href=\"mailto:Olaf@igmilitaermodelltechnik.de\">Olaf@igmilitaermodelltechnik.de<\/a><\/p>\n","protected":false},"excerpt":{"rendered":"<p>Robert HahnNollenstra\u00dfe 5577723 Gengenbach E-Mail: Robert@igmilitaermodelltechnik.de und Olaf Lang Martin-St\u00f6hr-Stra\u00dfe 1 69493 Hirschberg E-Mail: Olaf@igmilitaermodelltechnik.de<\/p>\n","protected":false},"author":1,"featured_media":0,"parent":0,"menu_order":0,"comment_status":"closed","ping_status":"closed","template":"","meta":{"ngg_post_thumbnail":0,"footnotes":""},"class_list":["post-69","page","type-page","status-publish","hentry","post-preview"],"_links":{"self":[{"href":"https:\/\/igmilitaermodell-ap97k2fw1a.live-website.com\/index.php?rest_route=\/wp\/v2\/pages\/69","targetHints":{"allow":["GET"]}}],"collection":[{"href":"https:\/\/igmilitaermodell-ap97k2fw1a.live-website.com\/index.php?rest_route=\/wp\/v2\/pages"}],"about":[{"href":"https:\/\/igmilitaermodell-ap97k2fw1a.live-website.com\/index.php?rest_route=\/wp\/v2\/types\/page"}],"author":[{"embeddable":true,"href":"https:\/\/igmilitaermodell-ap97k2fw1a.live-website.com\/index.php?rest_route=\/wp\/v2\/users\/1"}],"replies":[{"embeddable":true,"href":"https:\/\/igmilitaermodell-ap97k2fw1a.live-website.com\/index.php?rest_route=%2Fwp%2Fv2%2Fcomments&post=69"}],"version-history":[{"count":3,"href":"https:\/\/igmilitaermodell-ap97k2fw1a.live-website.com\/index.php?rest_route=\/wp\/v2\/pages\/69\/revisions"}],"predecessor-version":[{"id":3482,"href":"https:\/\/igmilitaermodell-ap97k2fw1a.live-website.com\/index.php?rest_route=\/wp\/v2\/pages\/69\/revisions\/3482"}],"wp:attachment":[{"href":"https:\/\/igmilitaermodell-ap97k2fw1a.live-website.com\/index.php?rest_route=%2Fwp%2Fv2%2Fmedia&parent=69"}],"curies":[{"name":"wp","href":"https:\/\/api.w.org\/{rel}","templated":true}]}}